1?
329
Calculate the remainder when 383 is divided by 32.
31
What is the remainder when 194 is divided by 13?
12
What is the remainder when 79 is divided by 33?
13
What is the remainder when 1483 is divided by 33?
31
Calculate the remainder when 61 is divided by 8.
5
Calculate the remainder when 119 is divided by 65.
54
Calculate the remainder when 666 is divided by 296.
74
What is the remainder when 348 is divided by 170?
8
Calculate the remainder when 587 is divided by 43.
28
Calculate the remainder when 249 is divided by 4.
1
What is the remainder when 412 is divided by 206?
0
Calculate the remainder when 57 is divided by 12.
9
Calculate the remainder when 67 is divided by 14.
11
What is the remainder when 5847 is divided by 34?
33
What is the remainder when 557 is divided by 43?
41
Calculate the remainder when 183 is divided by 21.
15
Calculate the remainder when 2237 is divided by 80.
77
Calculate the remainder when 1894 is divided by 12.
10
Calculate the remainder when 1751 is divided by 59.
40
What is the remainder when 493 is divided by 249?
244
What is the remainder when 1509 is divided by 27?
24
What is the remainder when 12388 is divided by 6?
4
Calculate the remainder when 243 is divided by 49.
47
What is the remainder when 215 is divided by 117?
98
Calculate the remainder when 123 is divided by 2.
1
What is the remainder when 130 is divided by 51?
28
Calculate the remainder when 135 is divided by 73.
62
What is the remainder when 1916 is divided by 148?
140
Calculate the remainder when 1704 is divided by 16.
8
Calculate the remainder when 1433 is divided by 183.
152
What is the remainder when 11130 is divided by 348?
342
What is the remainder when 85 is divided by 24?
13
Calculate the remainder when 1361 is divided by 15.
11
What is the remainder when 101 is divided by 17?
16
Calculate the remainder when 23 is divided by 21.
2
What is the remainder when 153 is divided by 54?
45
What is the remainder when 626 is divided by 148?
34
What is the remainder when 224 is divided by 45?
44
Calculate the remainder when 116 is divided by 27.
8
What is the remainder when 237 is divided by 11?
6
Calculate the remainder when 1267 is divided by 98.
91
Calculate the remainder when 5447 is divided by 25.
22
Calculate the remainder when 113 is divided by 98.
15
What is the remainder when 146 is divided by 33?
14
Calculate the remainder when 1619 is divided by 60.
59
What is the remainder when 123 is divided by 94?
29
Calculate the remainder when 739 is divided by 534.
205
What is the remainder when 606 is divided by 196?
18
Calculate the remainder when 359 is divided by 59.
5
What is the remainder when 1062 is divided by 71?
68
What is the remainder when 731 is divided by 232?
35
Calculate the remainder when 2630 is divided by 19.
8
What is the remainder when 29 is divided by 4?
1
Calculate the remainder when 62 is divided by 16.
14
What is the remainder when 1532 is divided by 110?
102
Calculate the remainder when 45 is divided by 12.
9
What is the remainder when 13685 is divided by 118?
115
What is the remainder when 2209 is divided by 19?
5
Calculate the remainder when 1595 is divided by 12.
11
What is the remainder when 509 is divided by 64?
61
Calculate the remainder when 1544 is divided by 103.
102
Calculate the remainder when 6015 is divided by 94.
93
Calculate the remainder when 4123 is divided by 55.
53
Calculate the remainder when 9406 is divided by 21.
19
Calculate the remainder when 1765 is divided by 31.
29
What is the remainder when 199 is divided by 72?
55
What is the remainder when 3923 is divided by 18?
17
Calculate the remainder when 33 is divided by 27.
6
Calculate the remainder when 802 is divided by 119.
88
Calculate the remainder when 151 is divided by 52.
47
Calculate the remainder when 695 is divided by 338.
19
Calculate the remainder when 241 is divided by 117.
7
Calculate the remainder when 854 is divided by 176.
150
What is the remainder when 1170 is divided by 64?
18
Calculate the remainder when 6903 is divided by 26.
13
What is the remainder when 500 is divided by 24?
20
Calculate the remainder when 1258 is divided by 159.
145
Calculate the remainder when 58 is divided by 3.
1
Calculate the remainder when 1580 is divided by 46.
16
What is the remainder when 461 is divided by 22?
21
Calculate the remainder when 62 is divided by 16.
14
What is the remainder when 317 is divided by 55?
42
Calculate the remainder when 383 is divided by 130.
123
Calculate the remainder when 94 is divided by 25.
19
What is the remainder when 129 is divided by 9?
3
Calculate the remainder when 361 is divided by 16.
9
What is the remainder when 1988 is divided by 39?
38
Calculate the remainder when 556 is divided by 164.
64
What is the remainder when 7431 is divided by 1483?
16
What is the remainder when 28482 is divided by 91?
90
What is the remainder when 383 is divided by 32?
31
Calculate the remainder when 193 is divided by 15.
13
What is the remainder when 282 is divided by 24?
18
What is the remainder when 294 is divided by 9?
6
Calculate the remainder when 126 is divided by 50.
26
Calculate the remainder when 141 is divided by 19.
8
What is the remainder when 127 is divided by 62?
3
What is the remainder when 1321 is divided by 148?
137
What is the remainder when 55 is divided by 30?
25
Calculate the remainder when 1399 is divided by 33.
13
What is the remainder when 804 is divided by 26?
24
What is the remainder when 1022 is divided by 25?
22
Calculate the remainder when 3484 is divided by 83.
81
What is the remainder when 272 is divided by 42?
20
What is the remainder when 462 is divided by 15?
12
What is the remainder when 1169 is divided by 10?
9
What is the remainder when 76 is divided by 34?
8
Calculate the remainder when 3099 is divided by 124.
123
Calculate the remainder when 914 is divided by 302.
8
What is the remainder when 123 is divided by 49?
25
Calculate the remainder when 284 is divided by 16.
12
Calculate the remainder when 324 is divided by 67.
56
What is the remainder when 110 is divided by 36?
2
Calculate the remainder when 48025 is divided by 37.
36
Calculate the remainder when 1204 is divided by 135.
124
Calculate the remainder when 277 is divided by 9.
7
What is the remainder when 1804 is divided by 19?
18
What is the remainder when 125 is divided by 14?
13
Calculate the remainder when 38 is divided by 15.
8
What is the remainder when 69 is divided by 16?
5
Calculate the remainder when 390 is divided by 75.
15
Calculate the remainder when 1532 is divided by 59.
57
Calculate the remainder when 148 is divided by 31.
24
What is the remainder when 683 is divided by 3?
2
What is the remainder when 1533 is divided by 53?
49
Calculate the remainder when 572 is divided by 34.
28
Calculate the remainder when 73 is divided by 19.
16
What is the remainder when 221 is divided by 115?
106
What is the remainder when 51 is divided by 27?
24
Calculate the remainder when 835 is divided by 9.
7
Calculate the remainder when 3669 is divided by 51.
48
Calculate the remainder when 11347 is divided by 132.
127
Calculate the remainder when 574 is divided by 185.
19
Calculate the remainder when 445 is divided by 50.
45
Calculate the remainder when 2276 is divided by 2259.
17
Calculate the remainder when 167 is divided by 4.
3
Calculate the remainder when 166 is divided by 26.
10
What is the remainder when 718 is divided by 80?
78
What is the remainder when 37 is divided by 13?
11
Calculate the remainder when 323 is divided by 29.
4
Calculate the remainder when 9069 is divided by 84.
81
Calculate the remainder when 130 is divided by 40.
10
Calculate the remainder when 101 is divided by 17.
16
What is the remainder when 173 is divided by 25?
23
What is the remainder when 264 is divided by 24?
0
Calculate the remainder when 69 is divided by 41.
28
What is the remainder when 311 is divided by 79?
74
Calculate the remainder when 397 is divided by 5.
2
What is the remainder when 696 is divided by 228?
12
Calculate the remainder when 132 is divided by 61.
10
Calculate the remainder when 46 is divided by 9.
1
What is the remainder when 42 is divided by 27?
15
Calculate the remainder when 390 is divided by 71.
35
What is the remainder when 134 